3))/(-4)) composite?
True
Suppose 435*s - 439*s = -60908. Is s a prime number?
True
Suppose 14*z - 2023 = -3*z. Is z prime?
False
Let y(w) = 60*w**2 + 2*w - 63. Is y(-8) a prime number?
True
Suppose -192197 - 540567 = -4*i. Is i prime?
True
Let a = -31 - -35. Let z be (-8)/4*(-10)/4. Suppose -z*f + 739 = 2*c, -13 = a*c - 1. Is f a prime number?
True
Let a = -752 - -1784. Suppose 5*q - a = 1153. Is q prime?
False
Let u = 262155 - 123224. Is u a composite number?
True
Let n = 25 - 24. Suppose -10 = 2*r + 3*w + n, -5*w - 19 = 3*r. Suppose 4*z + z - 5*q = 2920, -r*q + 593 = z. Is z a prime number?
True
Suppose -15*x + 13*x = 5*i - 6681, x + 5*i - 3338 = 0. Is x prime?
True
Suppose -9*d = -65334 + 10317. Is d prime?
True
Suppose -83 = -3*g - 2*c, -21 = 2*g - 3*g - 2*c. Suppose g*f - 29*f = 1802. Is f prime?
False
Suppose -168072 = -35*k - 19427. Is k a prime number?
False
Suppose 137*k - 4598489 = 64*k. Is k composite?
True
Let b = 0 + 10. Let r be 18/b*(-40)/(-12). Suppose -r*z + 265 = -5*z. Is z a composite number?
True
Let d = 193798 + -132357. Is d prime?
True
Let x be (355/25)/((-3)/(-15)). Suppose -z = 12 - x. Is z a composite number?
False
Suppose -21 = -4*b - 5*t, 0*t - 7 = -b - 3*t. Suppose -6*x + b*x = -998. Is x a composite number?
False
Suppose -4*y + 55 = y. Let t = y + -18. Let g(p) = p**3 + 7*p**2 - 3*p - 10. Is g(t) composite?
False
Let b be 1/(2/(-704)*-4 - 0). Suppose 0 = 3*w - 8*w + 15. Suppose b - 10 = w*r. Is r a prime number?
False
Suppose 0 = -h + 6*h. Suppose 0 = 5*m + 2*z - 14, -m - 4*z - 9 = -1. Suppose -b - 39 = -2*n, -2*n + m*b - b + 41 = h. Is n a prime number?
True
Let i(j) = 20*j - 9. Let y(n) = -n - 1. Let v(f) = i(f) + y(f). Let p(s) = 20*s - 9. Let w(z) = 4*p(z) - 3*v(z). Is w(7) a composite number?
True
Suppose 0 = z + 5, 0 = -3*x - 0*x + 2*z + 10. Suppose 5 = 4*v - 3*c, c + x = 5*v + 2. Is 3/(v + -2)*-3 a prime number?
True
Suppose -a = -49219 + 3837. Is a prime?
False
Let l be 3/((-4)/(16/(-4))). Suppose -l*y - h + 1822 = 0, 3*h = -5*y - 2*h + 3020. Suppose -y = -2*u - j, -4*u + 946 = -u - 5*j. Is u composite?
False
Let x be 16/(-6)*15/10. Is 3 - 736/(-4) - x prime?
True
Suppose -70*h + 69*h = 2*g - 12358, -12358 = -2*g + 4*h. Is g a prime number?
False
Let q(x) = x - 3. Let y be q(5). Suppose 2*p + b + 4 = 0, -6 - 4 = -5*b. Is p - 34/(-3 + y) prime?
True
Let f = -3814 - -16481. Is f prime?
False
Suppose -56795 = 8*f - 45*f. Is f prime?
False
Suppose -26*k + 37*k = 78287. Is k a composite number?
True
Let s be 3/12 + (14/(-8))/7. Is s - ((-30142)/(-21))/(4/(-6)) prime?
True
Let r be ((-6177)/116)/(3/(-232)). Let s = r - 2385. Is s prime?
True
Is (-10)/(-20)*22114 + 0 prime?
True
Let y = 379 + 367. Suppose -y = -6*l + 664. Is l a composite number?
True
Let h(j) = 13*j + 3761. Is h(0) prime?
True
Let a(w) = 0 - 5*w - 5*w**2 - 4 + 2*w**2 + 2*w**2. Let k be a(-3). Suppose -236 - 446 = -k*q. Is q prime?
False
Let k be 1*(2 - 0)*2. Let w be 16*(28 + 0)/k. Suppose -4*t - 4*z + 296 = 0, -5*z - w = -3*t + 110. Is t prime?
False
Let d = -227 + 219. Suppose -l - 3 = -2*p, -11 = -2*p - 3*l + 12. Is 1986/p*d/(-12) a prime number?
True
Let l(p) = -5*p - 26. Let y(x) = 1. Let i be (-50)/(-15)*6/4. Let c(k) = i*y(k) + l(k). Is c(-20) a prime number?
True
Let y(r) = 121*r**2 - 20*r + 121. Is y(-9) a composite number?
True
Let s = 51 - -62. Is s prime?
True
Suppose 24*a = 112049 + 58855. Is a a composite number?
False
Is 0/(15 + -4) - -12809 a composite number?
False
Let a(m) = 77*m**2 - 9*m + 17. Is a(4) a prime number?
True
Let v = -11 + 20. Suppose v = -4*x + 5*n - 0, 3 = -2*x + n. Is (1136 - 0) + x + 0 a prime number?
False
Suppose 3*w + 6282 - 13 = 2*o, 2*o + 3*w - 6263 = 0. Let h = o - 1598. Is h composite?
True
Let z(l) = 5*l**3 - l + 1. Let w be z(1). Suppose -w*r + 12 = -2*t + 38, -3*t = 2*r - 1. Suppose 0 = -t*m - m + 708. Is m prime?
False
Let z(a) = -2*a**3 - 7*a**2 + 7*a - 9. Let s be z(-8). Suppose h - m - s = 0, -3*h + 4*h - 3*m = 511. Is h prime?
False
Suppose -4*h - 1 = s, -4*h - 2 = -s - 5*h. Suppose -3*t + s*w = -15, t = -3*t - w + 45. Is (236/t)/(4/10) prime?
True
Let s be (-3 + (-120)/(-35))*7. Let i(w) = 12*w**3 - w**2 - 6*w + 6. Is i(s) composite?
True
Suppose -5*i + 20 = 5*i. Suppose -i*n = 4*d - 6*n - 2216, 0 = d + 3*n - 574. Is d a prime number?
False
Let k be (2/(-3))/(1/(-1158)). Is (2 + k/16)*(-3 - -7) composite?
True
Let a = 21130 - 6039. Is a prime?
True
Suppose 25*w - 5472 = 26*w. Let u = -3005 - w. Is u prime?
True
Suppose -2*f = x - 14, -f + 2*f = -x + 9. Suppose 3*y = 4*o - 116, -5*o - 2*y = -8*o + 87. Suppose 0 = -x*n - 2*b - o + 91, n = -4*b + 26. Is n composite?
True
Let g = 0 - 2. Is (g/3)/((-16)/16152) a composite number?
False
Suppose 13*o + 4 = 4. Suppose o = 3*n + 4*l - 4629, 7*n - 2*n - 7715 = -3*l. Is n a composite number?
False
Let y be (21/(-9))/((-3)/1179). Suppose 5*x = 768 + y. Is x a composite number?
False
Let s(a) = a**3 + 3*a**2 - 4*a. Let y be s(-4). Suppose -z + 4*z + 948 = y. Let m = z - -533. Is m composite?
True
Let w(b) = 7 + 0*b + 26*b**2 + b - 7*b + 0*b. Is w(-4) composite?
True
Let w be 5 + -3 - (1 - 1). Suppose -w*g = -6*g + 444. Suppose -i = 2*i - g. Is i a composite number?
False
Suppose 3*j - 2967 = 2*j. Let h = 4154 - j. Is h composite?
False
Is 9/((-36)/56)*7724/(-8) composite?
True
Let d(z) = 3*z**3 - 13*z**2 + 3*z - 8. Let h be 8/(-2) - 24/(-3). Let g(n) = -5*n**3 + 26*n**2 - 7*n + 17. Let i(u) = h*g(u) + 7*d(u). Is i(-11) composite?
False
Let u(t) = 55*t**3 + 5*t - 4. Let d be u(3). Let w = d + -803. Let b = w + -442. Is b prime?
True
Let t be (-40)/((-16)/4) + -2. Let i = 47 + t. Is i a composite number?
True
Suppose -5*l = -4073 - 227. Let j = l - 1220. Let c = j + 561. Is c a prime number?
False
Is 3191 - (-3 + 2)*(23 - 23) prime?
True
Let q(f) = -2784*f + 7. Let a be q(-7). Suppose -3*v + 4*r + 14630 = 0, -4*v + r + a = -2*r. Suppose v = 4*o - 574. Is o prime?
True
Suppose -35 = -13*h + 8*h. Suppose -21*b + 168658 = -h*b. Is b a composite number?
True
Let s(c) = -6*c**2 + 12*c - 8. Let j be s(9). Let f = -19 - j. Is f a prime number?
True
Suppose -3*v + 6983 = -7600. Is v prime?
True
Let m(q) = -4*q**2 - 2*q - 6. Let y be m(17). Let t = -567 - y. Is t a composite number?
True
Let p = 13671 - 6884. Is p composite?
True
Let o be (2 - -1)/((-9)/(-60)). Suppose 3*k + t - 79 = -o, 0 = k + 3*t - 25. Suppose -2*y + k = -y. Is y composite?
False
Let n(g) = -38*g - 4. Let f be n(-5). Let u = f + -9. Is u a composite number?
True
Is (-7601)/3*(-9)/3 a prime number?
False
Suppose -8*h + 223938 = 34442. Is h a composite number?
False
Suppose 2*i - 637 = -h + i, -h - 2*i = -635. Suppose -3*p = -2*k + 2*p + 249, 5*k = -4*p + h. Is k composite?
False
Suppose -4*x + t = -4321, 4 - 7 = -t. Is x a prime number?
False
Let i(u) = -5*u**2 + 9*u - 13. Let l be i(-9). Is ((-7)/(-14))/((-1)/2)*l composite?
False
Let v(s) = -s - 2. Let n be v(-11). Let u = n + -9. Suppose u = z + 3*z - 3*p - 48, p + 71 = 5*z. Is z prime?
False
Let q = -3746 + 10879. Is q composite?
True
Let m be ((-26)/6 + 1)*(-3567)/2. Let j = -3610 + m. Is j a prime number?
False
Let d(y) = -4799*y + 41. Let r be d(6). Let p = r + 42396. Is p composite?
True
Is 48/(-12) + (2 - -9) prime?
True
Suppose -2*z - x + 18 = x, -4*x + 20 = 0. Suppose 335*h - 325*h = 0. Suppose 4*o - 1515 = -z*u + u, h = -3*o + 9. Is u composite?
True
Let c be (-42)/4 - 8/(-16). Let q(p) = 10*p - 7*p + p + p**2 - 13. Is q(c) composite?
False
Let o be 10/(-20) - (-834)/4. Let n = o - 294. Let c = n - -585. Is c a prime number?
True
Let r(v) = v**3 - 2*v**2 + v. Let b be r(2). Suppose 0 = b*u + u - 93. Is u a prime number?
True
Let g(z) = z**2 + 8*z - 11. Let b be g(-12). Suppose n = 2*n + 2*i - 27, -3*i - b = -n. Suppose 5*j + 4*x - n = 0, 5*x = -2*j - 3*j + 30. Is j a prime number?
True
Suppose -5*p + 8*p = 6090. Let m = p + -2986. Is m/8*(-3 + 1) a composite number?
False
Let i be 80/(-6)*1023/(-22). Suppose -4*z + 0*z = -i. Is z composite?
True
Suppose 0 = 10*n - 8*n. Let k(x) = x + 239. Is k(n) composite?
False
Let t(i) = -i + 13. Let u be t(11). Suppose u*r - 768 = -5*m, 5*m - 10 = -0*m. Is r prime?
True
Let l be 412/(-24) - 3/(-18). Let b = 19 + l. Suppose 3*m - 127 = b*m. Is m composite?
False
Suppose 315 = 32*y - 6181. Is y p